7*k - 45. Suppose 7*a = k*a + 628. What are the prime factors of a?
2, 157
What are the prime factors of ((-20)/(-110))/((-12)/(-274494))?
4159
Let c = -228 - -222. What are the prime factors of -1175*c*7/105?
2, 5, 47
Let r be ((-6)/(-18))/(2/18). Suppose -5*n + r*w - 2*w - 29 = 0, 21 = -4*n + 3*w. Let f = 101 + n. List the prime factors of f.
5, 19
Let r = -1253 + 785. Let c = r - -972. List the prime factors of c.
2, 3, 7
Suppose 0 = -2*f + 4*b - 19 - 9, -2*b + 46 = -5*f. Let a(p) be the first derivative of p**3/3 + 5*p**2/2 - 3*p - 74. What are the prime factors of a(f)?
3, 7
Suppose -7*h + 64 = -6. Let c be 46/h + 10/25. Suppose -i - 3*d + 89 = -121, -4*d = -c*i + 1069. List the prime factors of i.
3, 71
Let u = 5954 - 4160. What are the prime factors of u?
2, 3, 13, 23
Let s(m) = m**3 - 4*m**2 - 3*m. Let z be s(5). Let t be (0 - 228)/((-4)/z). Suppose -2*a + t = 4*a. List the prime factors of a.
5, 19
Let s(y) = 5374*y**2 + 655*y - 1311. List the prime factors of s(2).
3, 5, 1433
Suppose 5*l - 344214 = 3*f, 78*l = 74*l + 5*f + 275366. List the prime factors of l.
2, 3, 5737
Let p(r) = 11*r**2 + 114*r - 56. What are the prime factors of p(-27)?
5, 977
Suppose 39 + 27 = -3*c. Let a(n) = n**3 + 23*n**2 + 16*n - 40. List the prime factors of a(c).
2, 23
Suppose -9*n + 10*n - 4632 = 5*a, 2*n - 3*a = 9229. What are the prime factors of n?
17, 271
Suppose 0 = 7*s - 56 + 28. What are the prime factors of (-7346)/(-6) + 6/9 - s?
3, 11, 37
Let q = -5710 + 9579. List the prime factors of q.
53, 73
Let y(a) be the third derivative of -13*a**5/120 + 13*a**4/24 + 2*a**3/3 - 25*a**2. Let o(x) be the first derivative of y(x). List the prime factors of o(-8).
3, 13
Suppose 0 = 204*k - 571600 - 951495 - 948977. List the prime factors of k.
2, 73, 83
Let y(w) = -w**2 - 16*w - 31. Let h be y(-14). Let a = h + 30. Suppose -a = -2*g + 25. What are the prime factors of g?
2, 13
Suppose 4*i + 38920 = 2*t, -5*t + 58324 = -2*t + 2*i. List the prime factors of t.
2, 3, 7, 463
Suppose -5*t - 417 = 9*r - 5*r, 2*r - 259 = 3*t. List the prime factors of 10/4*(-12274)/t.
19
Let f(w) = w**3 - 15*w**2 - 38. Suppose -5*x = 5*t - 20, -x = 2*t - 5*x + 16. Let a be (t - 60)*(-16)/48 - 4. What are the prime factors of f(a)?
2, 109
Let z(n) = -5771*n + 558. List the prime factors of z(-4).
2, 11821
Let a = 14822 - 6004. List the prime factors of a.
2, 4409
List the prime factors of ((-16)/(128/(-161310)))/(-2 + (-38)/(-16)).
2, 5, 19, 283
Suppose 19*g - 15*g = 9448. Suppose -2*y - g = -4*j, -5*y + 1176 = 2*j - 7*y. List the prime factors of j.
593
Let y = -57 + 2250. Let r = -1196 + y. List the prime factors of r.
997
Let j(z) = 680*z**2 + 30*z + 159. List the prime factors of j(-4).
61, 179
Let w be 1/((20/(-8) - -3)*1). Suppose -3*i = -w*i - 271. Suppose -5*t = -821 + i. What are the prime factors of t?
2, 5, 11
Suppose 1 = 11*u - 12*u. List the prime factors of (-74)/(-333) + ((-2311)/9)/u.
257
Suppose -q - 2*n - 456 = q, -q = 5*n + 240. Let v = q + 98. Let s = v + 195. List the prime factors of s.
2, 17
Suppose 5*c = 2*k + 4, 0 = 5*k - 49*c + 50*c - 44. Suppose -k*l + 5*l = 12, 5508 = 4*m + l. What are the prime factors of m?
2, 13, 53
Let h be (-2)/(-2) + (5 - 7) + 0. Let p be 3*3/9*h + 26. Let l = 29 - p. What are the prime factors of l?
2
Let c = 18784 + -14169. What are the prime factors of c?
5, 13, 71
Let t(j) = -j**3 - 12*j**2 + 10*j + 40. Let s be t(-13). Suppose -74*d - 1865 = -s*d. List the prime factors of d.
373
List the prime factors of -6 - (-359220)/85 - ((-180)/(-85) + -2).
2, 5, 211
Suppose -3*o - 2874 = 2*z - 7*o, 0 = -z - o - 1440. Let y = 2737 + z. What are the prime factors of y?
2, 11, 59
Suppose 319598 - 180842 = 27*q - 175254. What are the prime factors of q?
2, 5, 1163
Let s = 2089 - 959. Suppose -2*n - 5*d + s = 312, 826 = 2*n + 3*d. List the prime factors of n.
419
Let i(c) = -c**2 - 4*c + 2. Let b be i(-3). Suppose 2266 = 2*f + b*y - 73, -f = -4*y - 1137. What are the prime factors of f?
13, 89
Let r = 2354 - 1926. List the prime factors of r.
2, 107
Let q(u) = 3*u**2 - 11*u + 24. Let g be q(-19). Let f = g + -810. What are the prime factors of f?
2, 11, 23
Let q(j) = 29*j**2 - 3*j. Let d be q(-5). Suppose 3*o + d = 7*o. What are the prime factors of o?
5, 37
Suppose -47*r + 26 = -49*r. Let t(s) = s**2 - 17*s - 28. List the prime factors of t(r).
2, 181
What are the prime factors of (-11 - -12 - 3/2)*(-386696)/4?
48337
Let g(j) = 8*j**2 + 27*j + 122. Let q(z) = -7*z**2 - 27*z - 123. Let a(k) = -3*g(k) - 4*q(k). What are the prime factors of a(-17)?
823
Let n(j) = 6*j + 34. Let s = 25 - 31. Let q be n(s). What are the prime factors of (((-8)/(-3))/q)/(5/(-405))?
2, 3
Suppose -75*m = -25*m - 6650. What are the prime factors of m?
7, 19
Let h = 831 - 735. Let s = 1202 + h. What are the prime factors of s?
2, 11, 59
Let t(i) = -5990*i + 1404. List the prime factors of t(-6).
2, 3, 389
What are the prime factors of (3 + (-9879)/(-12))/(19/456)?
2, 3, 5, 661
Suppose 0 = -2*d + 12, -u - 14*d = -0*d - 2102. What are the prime factors of u?
2, 1009
Suppose 2*s - 8 = 0, -2*j - 4*s + 2 = -7*s. List the prime factors of (2/j)/((-55)/(-97405)).
2, 11, 23
Let v(a) = -a**2 - 35*a - 5. Let f be v(-14). Let l = f - -114. List the prime factors of l.
13, 31
What are the prime factors of (79728/36)/((-12)/(-45))?
5, 11, 151
Let k(r) = 40*r**2 + 10*r - 13. Suppose -5*y - 138 = -28*y. List the prime factors of k(y).
1487
Suppose 6*m + 3 = -207. Let b be (-14)/m + (-22)/5. What are the prime factors of b + 1 + -2 + 93?
2, 11
Let t = -2345 - -17514. List the prime factors of t.
7, 11, 197
Let p = 889 + 6322. List the prime factors of p.
7211
Let k(l) = -2*l**2 - 61*l - 39. Let b(x) = x**2 + 61*x + 38. Let j(m) = 4*b(m) + 3*k(m). Let d be j(26). Let h = -88 + d. What are the prime factors of h?
181
Suppose -5*t - 10 = 0, 742*s = 741*s + 5*t + 9414. List the prime factors of s.
2, 2351
Let i be -285 + (-14)/(-5 - -3). Let z = 500 + i. What are the prime factors of z?
2, 3, 37
Let t(d) = -315*d - 68. List the prime factors of t(-22).
2, 47, 73
Let a = 25604 - 16787. What are the prime factors of a?
3, 2939
Suppose -30 = -7*g + 54. Let w = 15 - g. Suppose -3*r + 2*u + 3*u + 212 = 0, w*r - 202 = -5*u. What are the prime factors of r?
3, 23
Suppose 0 = -3*a + 65 - 59. Suppose -4*q - 2*b = -0*q - 302, -a*q + 166 = -4*b. What are the prime factors of q?
7, 11
Let a = 79 + 20. What are the prime factors of (-114)/(-4)*2508/a?
2, 19
Suppose -55*x + 16*x = 38*x - 1013012. What are the prime factors of x?
2, 11, 13, 23
Let m(c) = -4*c**3 - 4*c**2 + 103*c + 934. What are the prime factors of m(-14)?
2, 3, 269
Let d(g) = -850*g + 686. List the prime factors of d(-4).
2, 3, 227
Let n be (6/4)/((-58)/16 + 4). Suppose 4 - 16 = -n*q. Suppose q*x + 0*i - 153 = 4*i, -x - 2*i + 61 = 0. List the prime factors of x.
5, 11
Let g = 13267 + -3364. List the prime factors of g.
3, 3301
Suppose 2*x = 155 + 541. Suppose -37 = q - x. What are the prime factors of q?
311
Suppose 0 = 4*d - 2*a - 4416 - 7138, 4*d - 11555 = 3*a. List the prime factors of d.
2, 19
Let d = -86 + 888. Suppose -d - 260 = -3*a. List the prime factors of a.
2, 3, 59
Let c = 455 - 799. Let m be -1 + 11/(44/1960). Let t = c + m. What are the prime factors of t?
5, 29
Suppose -3*v - 2287 = -k + 2857, -3*v - 25768 = -5*k. What are the prime factors of k?
2, 1289
Let w = -154 + 367. Suppose -3*n + w - 765 = 0. Let r = n + 315. What are the prime factors of r?
131
Let z(j) be the first derivative of 4/3*j**3 - 17 - 10*j - 5/2*j**2. What are the prime factors of z(5)?
5, 13
Let n = -232 - -236. Suppose 5*z + n*k - 496 = 0, 11*z = 13*z + 4*k - 196. List the prime factors of z.
2, 5
Suppose 0 = 4*i + 4, -4*b - 5*i = -0*b - 3. Suppose -r = x - 889, -2*r + 0*r + b*x + 1790 = 0. What are the prime factors of r?
2, 223
Let j(y) = -11*y**3 - 3*y**2 + 2*y - 9. Let u = -255 + 251. List the prime factors of j(u).
3, 71
Let a(n) be the first derivative of -n**3/3 + 10*n**2 + 21*n - 3. Let l(p) = 5*p**2 - 99*p - 104. Let o(h) = 11*a(h) + 2*l(h). List the prime factors of o(16).
7, 17
Let n(v) = -5*v**3 - 2*v**2 + 17*v + 10. Let w be n(-10). Suppose 9*c - 5*o - w = 4*c, -5*o = 5*c - 4640. List the prime factors of c.
2, 29
Let u(s) = 5344*